mmon factor of s and 553.
7
Suppose -20 = -5*v, i - 16 = -4*v + 2. Suppose -165 = -i*u - 3*u. Let l be 2/(-6) + 1859/u. Calculate the highest common divisor of l and 14.
14
Let d(x) = 44*x - 861. Let t be d(20). Calculate the highest common factor of 2147 and t.
19
Let q be (-3)/15*-5*28. Suppose l = 2*h + q - 7, 0 = 3*h + l + 39. Let i = 10 - h. What is the greatest common divisor of 88 and i?
22
Let m(o) = o**2 - 9*o + 34. Let i be m(6). Calculate the greatest common factor of 30 and i.
2
Suppose u - 2*r - 9 - 7 = 0, -4*r - 24 = -u. Suppose 3*n + 72 = 5*h, 67*n - 12 = 70*n. Calculate the highest common divisor of u and h.
4
Suppose -o - 17 = -b, -34 = -24*b + 22*b - 5*o. Calculate the greatest common divisor of 136 and b.
17
Let v = -15413 + 15488. Let i(m) = 31*m - 1. Let w be i(1). What is the highest common divisor of v and w?
15
Let t(x) = -139*x - 670. Let h be t(-6). What is the highest common factor of h and 123?
41
Let g = -199 + 247. What is the highest common factor of g and 12?
12
Let y = -545 + 908. Let k(m) = 13*m**2 + 90*m + 26. Let v be k(-7). Calculate the highest common divisor of v and y.
33
Let w = 138 - 12. Calculate the greatest common divisor of w and 36.
18
Suppose -52*g + 24 = -44*g. What is the greatest common divisor of 15 and g?
3
Suppose 7*m - 288 = 3*m. Let u = -45 + 70. Suppose -u + 7 = -f. What is the greatest common factor of m and f?
18
Let p(f) be the third derivative of -f**5/30 + 13*f**4/24 + 4*f**3/3 + 5*f**2. Let b be p(6). What is the highest common divisor of 35 and b?
7
Suppose 0 = -16*h + 11*h + 20. Let x be (0 - h/((-16)/(-2)))*-6. Calculate the highest common factor of 2 and x.
1
Let d be (-4)/(3/((-27)/2)). Suppose -34 = -3*r - 13. Suppose r*x = 14*x - 315. What is the greatest common factor of x and d?
9
Let x be (1/(-2))/((-9)/54). Suppose x*r = 7 + 125. Suppose -4*h = -24 - r. What is the greatest common factor of h and 17?
17
Suppose 3*x + 2 + 10 = 0, -5*o + 5*x + 40 = 0. Suppose -3*i + 8*b - 5*b = -18, 5*i - 25 = o*b. Calculate the greatest common divisor of i and 32.
1
Let a = -98 + 108. Suppose 0 = a*y - 8*y - 208. Calculate the highest common factor of 8 and y.
8
Suppose 0 = 42*r - 41*r - 5. Suppose 0 = -r*w - 15 + 85. What is the greatest common divisor of w and 224?
14
Suppose -5*p - 14 = -6*p. Let l be (-3 - -2) + 28/(12/3). Let a(w) = 25*w + 4. Let g be a(l). What is the highest common divisor of p and g?
14
Suppose 26*l - 7*l - 8208 = 0. What is the greatest common divisor of 96 and l?
48
Let x = 294 - 206. Calculate the highest common factor of 1408 and x.
88
Suppose 5*f - 1300 = -3*g - 0*f, 0 = 5*g - 4*f - 2216. Suppose -u - g = -2*u. Suppose o + 4*o = u. What is the highest common divisor of 11 and o?
11
Suppose 0*f + f - 3*g = 8, 0 = f + 3*g + 16. Let a be (3 + 1/f)/(2/104). What is the greatest common divisor of 13 and a?
13
Suppose 2*z = -4*m + 36, 57 = 4*z - 24*m + 27*m. What is the greatest common divisor of 588 and z?
12
Let r = -20 + 31. Let u = 60 + 5. Let k = 12 + u. Calculate the highest common divisor of k and r.
11
Let h(q) = -3*q + 110. Let d be h(-14). What is the highest common divisor of 32 and d?
8
Let h be 23/(-46)*(-1 - 203). Suppose -258 = -3*y - h. What is the highest common factor of y and 4?
4
Let u = -2322 + 2331. What is the highest common factor of u and 9?
9
Suppose -54*m - 3225 = -69*m. Calculate the highest common factor of m and 172.
43
Let d = -4 + 5. Let o = d - -9. What is the greatest common factor of o and 2?
2
Let k(o) = o**3 + 13*o**2 - 18*o + 11. Let c be k(-11). Suppose 3*q = 4*h + 115, -8*q = -5*q + 3*h - 129. Calculate the highest common factor of q and c.
41
Let v = 101 + -63. What is the highest common divisor of v and 2394?
38
Suppose -5*g + 29 = 2*m - 46, 4*g - 60 = m. Calculate the greatest common divisor of g and 9.
3
Let z be -102*-1*(-3)/(-6). Let b = -45 + z. Let y be 560/90 + 4/(-18). Calculate the highest common factor of b and y.
6
Suppose -4*o - g = -48, -90 + 22 = -4*o + 4*g. Let c(l) = l**2 + l - 1. Let r be c(-2). Let v = 14 - r. Calculate the greatest common factor of o and v.
13
Suppose -4*y - 976 = -5*i, 14*y - 191 = -i + 19*y. Calculate the greatest common factor of i and 4.
4
Suppose -3*k = 14*k - 2975. What is the greatest common divisor of 56 and k?
7
Let v = -47 + 80. What is the highest common factor of 55 and v?
11
Let d = -392 - -518. Let m be (6/8)/(2/48). What is the greatest common factor of m and d?
18
Let s(w) = w - 1. Let p be s(5). Suppose 0 = 2*x - 1 + 9, -p*x - 6 = -d. Let l = 14 + d. What is the greatest common factor of l and 2?
2
Let w(r) = 38*r - 21. Let b be w(3). Suppose -x - 5*l + b = -l, -l + 4 = 0. Calculate the highest common factor of x and 11.
11
Suppose -8*h - 40 = 64. Let k(t) = -5*t - 47. Let q be k(h). Suppose -4*f + 4 = -20. Calculate the greatest common divisor of q and f.
6
Suppose 5 = x, -4*c - x = x - 30. Let g be 2/c - ((-123)/5 - -1). Let s = 8 + 4. Calculate the highest common divisor of s and g.
12
Let m be -2*15/40*-12. What is the highest common factor of 441 and m?
9
Suppose -5*n + 0*n = 3*s - 248, 5*s - 5*n - 440 = 0. Let i be 3/12 - s/(-8). Suppose i*w - 6*w = 100. What is the highest common divisor of w and 80?
20
Suppose 454 = -12*g + 1702. Calculate the greatest common factor of 13 and g.
13
Suppose m - 5*o - 38 = 113, -4*o - 146 = -m. Let k = 7 - 7. Suppose 2*c - 12 - 16 = k. Calculate the highest common divisor of m and c.
14
Let q be (238/(-8))/((11 + -2)/(-72)). Calculate the greatest common factor of q and 42.
14
Let u be 12*(-17)/(-4)*(-80)/(-30). What is the highest common divisor of u and 34?
34
Let d = -20 + 17. Let z be (13 - 3/d) + 2. Let i be -2*-10*84/z. Calculate the greatest common divisor of i and 15.
15
Suppose 5*c - 4*t = -55, c + 4*c - t = -70. Let v be 3*(2 + c/(-9)). What is the highest common factor of 44 and v?
11
Let a(y) = 4*y**2 - 3*y + 12. Let n be a(3). What is the greatest common factor of n and 39?
39
Suppose 139*z = 103060 + 98490. What is the greatest common divisor of 100 and z?
50
Let w be (-42 - 1) + 2 + -4. Suppose 5*l - 182 = 2*b, 3*l + 0*b = -b + 107. Let s be (-8)/l - 730/w. Calculate the greatest common divisor of 40 and s.
8
Suppose -5*g + 132 = m, 16*m - 12*m + 2*g - 528 = 0. Calculate the greatest common factor of m and 12.
12
Let p = -36 - -40. Suppose -4*u + 5*r = -p, 10 - 30 = -5*r. Let k be 54/(-3)*u/(-9). Calculate the greatest common divisor of 24 and k.
12
Let l = -49 + 81. Suppose 28*h = l*h - 200. What is the highest common factor of 20 and h?
10
Let q be 90/(-24) - 3/(-4). Let k be (-8 - q) + 2 + 36. Let h = -7 + 10. What is the highest common factor of h and k?
3
Suppose 2*y + 9 = 5*y. Suppose -y*z + g = -63, g = 5*z + 3 - 108. Suppose c - 14 = -0*a - 2*a, 3*a + 3*c - 21 = 0. What is the highest common factor of a and z?
7
Suppose 0 = h - 12 + 1. Suppose 0 = 8*m - 6*m - 56. Suppose m = n - 16. Calculate the greatest common factor of n and h.
11
Suppose -7*f - 80 = -11*f. Let q = 54 - f. What is the greatest common factor of 68 and q?
34
Suppose 4*w + 104 = -0*l + 4*l, -w - 51 = -2*l. What is the highest common divisor of 25 and l?
25
Let a(c) = -c**3 + 8*c**2 - 2*c - 12. Let z be a(7). Calculate the greatest common factor of 69 and z.
23
Let w(s) = 2*s**3 - 5*s**2 - 4. Let f be w(6). Suppose -3*z = z - f. Let y = -39 - -194. What is the highest common factor of y and z?
31
Suppose -54 = -5*y - 84. Let w be (2/y)/((-17)/204) + 9. Suppose -156 = -4*n - 0*n. What is the greatest common factor of w and n?
13
Let d be -7*(-1)/(5/40). What is the highest common factor of d and 8?
8
Suppose -29*a + 25*a = 52. Let y(h) = -h - 6. Let t be y(a). Let p be 0/(-6) + 1 + 0. What is the highest common factor of p and t?
1
Let n be (-1)/((-22)/7 - (-9)/3). Suppose -2*l + 5*l - n = u, 4*l = -2*u + 26. Calculate the greatest common factor of l and 44.
4
Let r = 1293 - 1277. Calculate the greatest common divisor of 212 and r.
4
Let s = 1 - -10. Let b(y) = y**3 + 6*y**2 - y - 9. Let u be b(-6). Let g(p) = -24*p + 5. Let m be g(u). Calculate the greatest common factor of s and m.
11
Let c(s) = -2*s**3 - 3*s**2 + 7*s. Let a be c(-3). Let i be ((-14)/4)/(a - (-100)/(-16)). Calculate the greatest common factor of i and 56.
14
Let d = -1566